MONTHLY CLIMATOLOGICAL SUMMARY FOR 4/2018
                                        HEAT  COOL        
     MEAN                               DEG   DEG       WIND SPEED       DOM MEAN  MEAN
DAY  TEMP  HIGH   TIME     LOW   TIME   DAYS  DAYS RAIN AVG  HI  TIME    DIR BAROM HUM
---------------------------------------------------------------------------------------
1    15.2  24.4    15:29   8.2     4:50    4    0   0.0   7  39     9:37 NNE1011.8   60
2    15.3  19.5    13:45  10.4     6:44    3    0   0.6   9  48    12:35 SSO1008.5   67
3    15.3  19.9    13:27  12.6    23:59    3    0   0.0  10  45    14:38  SO1011.0   79
4    14.8  21.2    15:55  10.5     5:53    3    0   0.0   8  42    14:25  SO1017.1   73
5    17.2  27.2    16:55   9.6     5:32    3    1   0.0   7  42     7:30 NNE1014.4   63
6    16.2  21.1    12:55  12.1    23:55    2    0   2.4  10  40    14:13  NO1008.7   66
7    12.0  15.9    13:45   9.4     6:48    6    0   7.0   9  56    13:43 OSO1008.7   82
8    12.2  17.4    13:56   8.4    23:59    6    0   1.4  12  53    16:00   O1011.8   77
9    10.6  15.1    16:37   6.7     6:46    7    0   0.0  10  47    14:00 OSO1012.9   72
10   10.7  14.7    16:30   6.9     3:59    7    0  24.6  15  58    11:31   O1005.3   86
11   11.8  17.0    16:37   7.3     5:56    6    0   0.0  13  58    15:39   O1006.3   66
12   10.7  13.3    11:17   8.6    23:52    7    0  23.4   9  50    13:27 OSO1005.5   88
13   10.8  16.7    16:58   7.1     3:38    7    0  13.6   6  45    14:16  NE1006.4   83
14   14.1  21.1    14:32   8.2     4:45    4    0   0.0   4  34    20:23 OSO1016.6   73
15   13.3  17.4    11:21   9.6     5:24    5    0   3.6   8  39    12:13   O1019.1   86
16   13.7  21.2    16:29   8.8     4:45    9    0   0.0   7  39    12:13 OSO1019.6   80
17   17.9  27.3    16:14  10.1     6:10    3    1   0.0   5  42     7:23 NNE1021.1   64
18   20.1  30.8    16:13  11.7     6:23    2    2   0.0   6  31    17:03 NNE1019.2   55
19   20.5  29.1    15:04  12.9     5:53    1    2   0.0   7  42    15:34 NNE1015.8   52
20   18.9  25.8    12:51  14.6     2:08    1    0   0.0  12  45    17:19  SO1012.6   65
21   18.6  23.0    16:25  15.2     5:44    1    0   1.0   9  55     1:28  NE1012.5   73
22   18.8  23.4    15:35  14.4     7:20    1    0   3.8   7  40    17:15 OSO1011.6   78
23   21.3  30.1    16:27  16.1     5:07    1    2   3.8   9  43    10:43  NE1011.0   70
24   20.5  25.6    13:18  16.6     6:15    0    1   0.6   9  42     4:01  SO1011.6   69
25   18.9  25.8    15:56  14.7     6:00    1    1   4.0   7  39    17:51  SO1013.7   80
26   15.5  16.4     0:43  14.8     5:10    1    0   0.0   4  29     0:20   S1014.2   92
---------------------------------------------------------------------------------------
TOT  15.6  30.8  18/4/18   6.7   9/4/18   94    9  89.8   9  58  10/4/18 OSO1012.5   72

HEAT BASE: 18.0
COOL BASE: 22.0