MONTHLY CLIMATOLOGICAL SUMMARY FOR 7/2021
                                        HEAT  COOL        
     MEAN                               DEG   DEG       WIND SPEED       DOM MEAN  MEAN
DAY  TEMP  HIGH   TIME     LOW   TIME   DAYS  DAYS RAIN AVG  HI  TIME    DIR BAROM HUM
---------------------------------------------------------------------------------------
1    26.2  34.7    14:57  20.0     2:53    0    5   0.0   0   0     0:00   N1014.4   52
2    26.6  36.4    15:09  18.9     3:31    0    5   0.0   0   0     0:00   N1014.9   51
3    27.8  36.4    15:39  20.2     3:10    0    6   0.0   0   0     0:00   N1014.7   46
4    28.1  37.0    15:29  22.1     5:33    0    6   0.0   0   0     0:00   N1014.6   49
5    28.1  36.7    14:32  21.1     3:22    0    6   0.0   0   0     0:00   N1012.6   51
6    26.4  32.5    15:40  20.9     4:58    0    4   0.0   0   0     0:00   N1012.8   55
7    25.3  33.2    15:31  18.6     5:33    0    4   0.0   0   0     0:00   N1015.1   43
8    28.0  38.3    16:18  20.7     5:19    0    6   0.0   0   0     0:00   N1016.2   34
9    30.0  39.5    15:43  21.4     4:17    0    8   0.0   0   0     0:00   N1013.7   46
10   32.3  42.6    15:59  23.3     5:54    0   10   0.0   0   0     0:00   N1011.1   39
11   30.1  37.2    13:19  23.3    23:56    0    8   0.0   0   0     0:00   N1010.9   52
12   27.1  33.6    15:35  21.0     5:28    0    5   0.0   0   0     0:00   N1014.2   50
13   25.7  35.9    17:02  19.2     5:38    0    4   0.0   0   0     0:00   N1015.8   40
14   27.5  38.5    18:03  19.8     5:25    0    6   0.0   0   0     0:00   N1013.6   47
15   28.7  38.8    17:49  21.6     5:09    0    6   0.0   0   0     0:00   N1012.3   46
16   30.6  41.7    16:26  21.9     6:14    0    9   0.0   0   0     0:00   N1012.7   39
17   29.5  38.3    14:50  21.8     5:13    0    7   0.0   0   0     0:00   N1013.2   45
18   27.2  35.4    16:51  20.9     5:42    0    5   0.0   0   0     0:00   N1012.5   56
19   24.8  34.0    13:52  19.1    23:58    0    3   0.0   0   0     0:00   N1011.6   66
20   24.7  33.1    16:33  18.8     3:38    0    4   0.0   0   0     0:00   N1013.1   66
21   28.5  38.6    16:36  19.8     3:04    0    7   0.0   0   0     0:00   N1013.8   49
22   30.5  39.7    16:43  21.8     5:37    0    9   0.0   0   0     0:00   N1012.8   39
23   30.9  38.9    15:53  24.4     5:42    0    9   0.0   0   0     0:00   N1010.2   32
24   29.1  37.1    17:08  22.6     5:47    0    7   0.0   0   0     0:00   N1009.6   35
25   28.3  34.9    14:44  21.5     5:54    0    6   0.0   0   0     0:00   N1009.9   41
26   26.0  33.6    14:31  21.6    23:51    0    4   0.0   0   0     0:00   N1011.2   61
27   28.4  38.1    16:09  21.0     6:09    0    7   0.0   0   0     0:00   N1010.7   55
28   29.6  40.0    16:22  22.6     5:43    0    8   0.0   0   0     0:00   N1009.3   48
29   28.9  36.9    15:40  23.7    23:57    0    7   0.0   0   0     0:00   N1010.8   55
30   28.7  37.3    16:13  21.7     5:58    0    6   0.0   0   0     0:00   N1011.3   54
---------------------------------------------------------------------------------------
TOT  28.1  42.6  10/7/21  18.6   7/7/21    0  188   0.0   0   0   1/7/21   N1012.7   48

HEAT BASE: 18.0
COOL BASE: 22.0