MONTHLY CLIMATOLOGICAL SUMMARY FOR 8/2019
                                        HEAT  COOL        
     MEAN                               DEG   DEG       WIND SPEED       DOM MEAN  MEAN
DAY  TEMP  HIGH   TIME     LOW   TIME   DAYS  DAYS RAIN AVG  HI  TIME    DIR BAROM HUM
---------------------------------------------------------------------------------------
1    28.4  36.4    16:29  21.6     5:11    0    6   0.0   7  29    15:10 OSO1010.5   47
2    28.3  37.0    14:28  20.4     5:29    0    6   0.0   5  34    14:50  SO1011.7   40
3    26.0  35.4    15:28  19.2     4:48    0    5   0.0   6  34    15:59  SO1011.9   58
4    26.1  35.9    14:45  19.2     4:38    0    5   0.0   5  35    16:05  SO1012.4   64
5    28.2  37.4    15:33  20.7    23:56    0    6   0.0   5  39    15:12  SO1011.7   48
6    26.5  36.8    14:57  18.6     5:33    0    5   0.0   5  32    15:33  SO1011.2   57
7    26.3  34.5    16:12  19.9     5:09    0    5   0.0   4  26    14:29   S1011.5   62
8    27.6  36.4    16:24  20.6     5:45    0    6   0.0   5  35    15:09  SO1012.2   54
9    26.1  33.6    14:39  20.0     5:14    0    5   0.0   7  47    15:48 SSO1014.6   71
10   27.2  34.9    15:03  21.4     5:52    0    5   0.0   4  32    15:37  SO1015.2   58
11   26.8  34.1    16:59  20.7     6:35    0    5   0.0   5  31    19:07  NO1014.9   35
12   26.8  35.5    16:06  20.1     6:08    0    5   0.0   4  29     9:49 NNE1014.0   32
13   27.8  37.9    15:05  19.8     5:27    0    6   0.0   3  21    17:23 OSO1014.0   34
14   28.4  40.7    17:21  20.2     5:29    0    7   0.0   4  23    18:01   E1015.1   45
15   29.6  39.7    16:04  21.9     6:06    0    8   0.0   5  27    18:32  SO1014.1   49
16   29.4  37.6    15:11  22.2     5:53    0    7   0.0   6  29    13:19  SO1013.6   46
17   30.1  40.6    15:46  21.9     5:52    0    8   0.0   5  29    18:27 OSO1011.7   42
18   27.1  35.8    15:47  21.5    23:44    0    5   0.0   8  37    14:45  SO1011.3   57
19   26.8  35.5    16:26  20.8     6:06    0    5   0.0   6  43    15:26  SO1012.5   56
20   26.6  34.5    15:26  19.7     5:05    0    5   0.0   3  26    15:16  SO1013.2   40
21   27.2  37.1    16:19  20.1     4:34    0    6   0.0   4  27    21:00  SO1014.0   51
22   27.3  35.6    13:58  23.6     5:24    0    3   0.0   7  34    10:28 OSO1014.7   63
---------------------------------------------------------------------------------------
TOT  27.5  40.7  14/8/19  18.6   6/8/19    0  124   0.0   5  47   9/8/19  SO1013.0   50

HEAT BASE: 18.0
COOL BASE: 22.0