MONTHLY CLIMATOLOGICAL SUMMARY FOR 1/2021
                                        HEAT  COOL        
     MEAN                               DEG   DEG       WIND SPEED       DOM MEAN  MEAN
DAY  TEMP  HIGH   TIME     LOW   TIME   DAYS  DAYS RAIN AVG  HI  TIME    DIR BAROM HUM
---------------------------------------------------------------------------------------
1     8.8  12.8    14:19   5.6     8:15    9    0   0.0   0   0     0:00   N1014.3   77
2     7.4  12.9    15:57   3.2     8:19   11    0   0.0   0   0     0:00   N1016.1   68
3     6.6  12.4    15:57   1.6     6:14   11    0   0.0   0   0     0:00   N1017.7   70
4     6.6  11.9    15:49   1.4     7:30   11    0   0.0   0   0     0:00   N1014.1   78
5     7.0  10.6    14:11   4.3     6:47   11    0   0.0   0   0     0:00   N1009.9   81
6     7.0  11.0    13:53   4.0     4:39   11    0   9.4   0   0     0:00   N1008.5   73
7     6.9   8.1    15:34   6.0    23:26   11    0  12.4   0   0     0:00   N1006.4   93
8     6.6   7.8    17:11   5.8     1:10   11    0  38.4   0   0     0:00   N1000.4   95
9     6.1   9.2    13:52   2.7     7:25   12    0   1.0   0   0     0:00   N1003.2   79
10    5.4   9.3    15:02   2.5     7:42   13    0   0.0   0   0     0:00   N1008.9   84
11    7.4  14.0    16:27   3.2     7:11   11    0   0.0   0   0     0:00   N1019.3   70
12    6.0  12.4    16:03   1.8     8:25   12    0   0.0   0   0     0:00   N1028.3   68
13    6.7  16.1    15:41   1.7     7:28   11    0   0.0   0   0     0:00   N1028.9   69
14    6.4  14.0    16:04   1.6     7:05   11    0   0.0   0   0     0:00   N1027.2   79
15    8.1  17.0    16:35   2.3     6:33   10    0   0.0   0   0     0:00   N1026.4   74
16    9.2  16.6    15:52   4.1     7:50    9    0   0.0   0   0     0:00   N1026.8   68
17    6.2  11.1    11:59   3.9     8:09    6    0   0.0   0   0     0:00   N1027.9   70
---------------------------------------------------------------------------------------
TOT   7.0  17.0  15/1/21   1.4   4/1/21  181    0  61.2   0   0   1/1/21   N1016.4   76

HEAT BASE: 18.0
COOL BASE: 22.0