MONTHLY CLIMATOLOGICAL SUMMARY FOR 9/2017
                                        HEAT  COOL        
     MEAN                               DEG   DEG       WIND SPEED       DOM MEAN  MEAN
DAY  TEMP  HIGH   TIME     LOW   TIME   DAYS  DAYS RAIN AVG  HI  TIME    DIR BAROM HUM
---------------------------------------------------------------------------------------
1    27.7  37.6    17:16  21.7     5:54    0    6   0.0   3  76    18:53 OSO1013.3   56
2    28.3  36.1    16:23  21.6     6:21    0    6   0.0   4  48    13:10  NE1015.4   58
3    27.7  35.8    15:10  22.4    23:54    0    6   0.0   7  79    17:53 OSO1013.9   58
4    27.0  34.2    15:28  19.5     6:07    0    5   0.0   6  51    14:39   S1013.8   54
5    27.8  36.9    16:06  21.3     6:41    0    6   0.0   5  53    19:26   O1017.3   58
6    29.2  38.1    15:11  22.6     2:58    0    7   0.0   4  48    17:30 OSO1016.0   52
7    28.5  36.7    14:57  22.5    23:57    0    6   0.0   7  43    19:20  SO1013.1   49
8    26.9  36.4    15:05  19.5     6:06    0    5   0.0   6  34    15:02 OSO1011.4   55
9    22.9  29.5    16:08  17.4     6:47    0    2   0.0   3  39    17:26   O1010.1   46
10   22.5  31.3    16:50  16.3     6:14    0    2   0.0   3  29     6:11  NO1013.1   46
11   26.2  37.6    16:34  17.1     4:55    0    6   0.0   3  19    19:52  NE1012.6   41
12   29.2  39.1    16:30  21.3     6:31    0    7   0.0   0  31    23:33 NNE1013.9   32
13   27.7  36.6    16:46  20.9     6:30    0   13   0.0   4  40    12:50 OSO1017.4   39
14   24.5  32.2    13:48  18.8     5:31    0    3   0.0   2  39    14:03   S1016.0   60
15   23.2  29.1    15:47  18.1     6:36    0    2   0.0   2  42    19:48   O1011.5   37
16   20.3  26.7    13:23  13.8     6:43    1    1   0.0   5  50    14:24 SSO1012.9   49
17   20.5  28.9    15:15  13.9     6:30    1    2   0.0   4  48    17:00 OSO1016.6   57
18   21.5  29.7    16:51  14.6     6:45    1    2   0.0   1  40    15:12   S1018.5   51
19   23.9  33.6    16:23  17.7    23:56    0    3   0.0   3  42    16:56   O1018.8   48
20   23.5  33.3    16:25  16.8     5:45    0    3   0.0   2  23    18:04   O1016.3   57
21   23.7  32.7    15:39  17.1     7:01    0    3   0.0   2  34    16:14   O1014.1   48
22   23.8  33.1    15:59  17.2     6:06    0    3   0.0   0  21    21:19 OSO1014.7   56
23   24.4  33.1    16:30  18.1     6:15    0    3   0.0   1  24    14:51 NNE1016.3   56
24   24.6  33.7    16:06  18.1     6:31    0    4   0.0   1  39    18:07  SO1018.3   60
25   24.7  33.6    16:07  17.8     5:21    0    4   0.0   3  39    18:19 OSO1017.8   51
26   20.9  28.1    11:39  17.2     5:24    0    0   0.0   1  19     7:48  NO1017.2   42
---------------------------------------------------------------------------------------
TOT  25.1  39.1  12/9/17  13.8  16/9/17    3  110   0.0   3  79   3/9/17 OSO1015.0   51

HEAT BASE: 18.0
COOL BASE: 22.0