MONTHLY CLIMATOLOGICAL SUMMARY FOR 10/2019
                                        HEAT  COOL        
     MEAN                               DEG   DEG       WIND SPEED       DOM MEAN  MEAN
DAY  TEMP  HIGH   TIME     LOW   TIME   DAYS  DAYS RAIN AVG  HI  TIME    DIR BAROM HUM
---------------------------------------------------------------------------------------
1    24.3  32.1    15:01  17.4     6:44    0    3   0.0   4  27    15:46 ONO1013.9   47
2    21.7  30.1    14:53  16.4     6:18    0    1   0.0   5  32    16:48 SSO1016.2   55
3    20.6  30.2    15:07  15.1     6:51    1    1   0.0   4  32    15:14 SSO1017.3   71
4    21.6  30.8    16:27  15.1     6:26    1    2   0.2   3  18    21:08  SO1015.6   71
5    21.8  30.7    16:25  16.0     6:19    0    2   0.0   2  26    16:36  SO1014.7   70
6    22.3  32.4    15:21  15.6     6:05    1    3   0.0   2  19    17:11   S1016.6   60
7    24.9  36.5    17:01  16.6     6:42    0    5   0.0   2  19    21:00  NE1015.1   48
8    25.6  35.0    15:17  19.9     6:42    0    4   0.0   4  24    17:00 OSO1014.4   44
9    24.8  32.7    14:57  18.3     6:35    0    4   0.0   3  18    18:57 OSO1013.8   58
10   24.6  34.0    16:43  18.6     6:45    0    4   0.0   2  21    20:13 OSO1014.7   59
11   23.8  29.1    15:30  19.6     6:45    0    2   0.0   2  16     8:15 NNE1015.6   60
12   23.4  30.1    14:27  18.6    23:55    0    2   0.0   5  34    17:05  SO1013.5   67
13   22.7  29.6    16:19  18.0     1:09    0    2   0.0   3  16    11:05   O1012.8   69
14   18.8  23.1    13:53  15.7    23:52    0    0   1.4   7  40    16:40 OSO1015.1   76
15   17.1  23.5    15:04  11.9     6:10    2    0   0.0   3  14    10:36 ONO1020.4   57
16   17.7  25.9    15:33  11.3     6:24    2    0   0.0   3  19    20:45 ONO1018.8   51
17   18.5  26.1    15:34  12.1     6:17    2    1   0.0   2  24    16:20 OSO1018.2   63
18   18.9  23.3    14:10  15.1     6:10    1    0   0.0   2  23    15:45  SO1016.4   83
19   17.9  22.2    13:09  14.5     4:30    1    0   3.0   7  51    16:30 SSO1009.9   86
20   15.5  20.3    15:58  11.9     6:46    3    0   0.8   4  24    13:53   O1012.3   75
21   15.2  22.3    15:41  10.5     6:36    3    0   0.0   2  18     8:07   O1014.9   65
22   12.1  12.8     0:00  10.9     3:59    1    0   0.0   1   8     2:02   N1012.5   75
---------------------------------------------------------------------------------------
TOT  21.0  36.5  7/10/19  10.5 21/10/19   18   37   5.4   3  51 19/10/19 OSO1015.2   64

HEAT BASE: 18.0
COOL BASE: 22.0