MONTHLY CLIMATOLOGICAL SUMMARY FOR 6/2024
                                        HEAT  COOL        
     MEAN                               DEG   DEG       WIND SPEED       DOM MEAN  MEAN
DAY  TEMP  HIGH   TIME     LOW   TIME   DAYS  DAYS RAIN AVG  HI  TIME    DIR BAROM HUM
---------------------------------------------------------------------------------------
1    26.0  35.2    16:14  20.4     5:25    0    4   0.0   0   0     0:00   N1008.7   57
2    25.7  33.7    16:49  19.4     4:56    0    4   0.0   0   0     0:00   N1011.1   59
3    25.4  33.8    15:58  20.0     5:17    0    4   0.0   0   0     0:00   N1011.5   51
4    24.9  31.6    14:03  19.9     5:14    0    3   0.0   0   0     0:00   N1011.8   52
5    26.6  35.1    16:51  18.9     5:31    0    5   0.0   0   0     0:00   N1011.4   50
6    28.1  37.7    15:01  21.6     5:37    0    6   0.0   0   0     0:00   N1008.7   44
7    22.4  26.2    13:58  19.6    23:44    0    1   0.0   0   0     0:00   N1010.7   71
8    20.6  25.5    15:32  18.1     3:15    0    0   0.0   0   0     0:00   N1011.5   70
9    19.8  23.8    14:18  17.3     2:57    0    0   2.2   0   0     0:00   N1010.7   77
10   21.1  26.9    14:56  17.4     5:03    0    1   0.0   0   0     0:00   N1010.6   73
11   21.2  27.6    13:48  16.8     3:40    0    1   0.6   0   0     0:00   N1012.6   73
12   22.3  29.6    15:06  18.3     0:02    0    2   0.0   0   0     0:00   N1014.5   70
13   24.6  34.2    17:28  17.1     4:09    0    4   0.0   0   0     0:00   N1015.6   58
14   25.9  34.4    14:42  19.6     2:41    0    4   0.0   0   0     0:00   N1012.5   45
15   24.8  31.9    15:42  19.3     5:17    0    3   0.0   0   0     0:00   N1011.8   51
16   23.8  30.4    15:54  16.8     5:32    0    3   0.0   0   0     0:00   N1011.4   55
17   24.3  33.6    14:58  18.3     5:23    0    3   0.0   0   0     0:00   N1009.8   58
18   19.6  23.5    17:21  15.6    23:59    0    0   0.2   0   0     0:00   N1011.9   77
19   18.1  23.3    15:38  13.9     4:48    1    0   4.6   0   0     0:00   N1014.1   77
20   19.9  26.1    17:03  13.6     4:18    1    1   0.0   0   0     0:00   N1016.5   63
21   25.0  35.0    17:42  16.2     2:30    0    5   0.0   0   0     0:00   N1017.2   51
22   26.9  38.7    15:27  19.8     5:37    0    4   0.0   0   0     0:00   N1016.3   47
---------------------------------------------------------------------------------------
TOT  23.4  38.7  22/6/24  13.6  20/6/24    3   60   7.6   0   0   1/6/24   N1012.2   61

HEAT BASE: 18.0
COOL BASE: 22.0