MONTHLY CLIMATOLOGICAL SUMMARY FOR 8/2018
                                        HEAT  COOL        
     MEAN                               DEG   DEG       WIND SPEED       DOM MEAN  MEAN
DAY  TEMP  HIGH   TIME     LOW   TIME   DAYS  DAYS RAIN AVG  HI  TIME    DIR BAROM HUM
---------------------------------------------------------------------------------------
1    31.8  42.9    14:16  23.3     5:21    0   10   0.0   5  26     9:02 SSO1010.2   39
2    33.7  44.2    15:48  25.8     6:03    0   12   0.0   6  34    12:16 NNE1010.9   29
3    34.0  43.8    15:22  26.1     6:02    0   12   0.0   7  27    16:24 NNE1012.7   32
4    32.1  40.4    15:15  25.1     5:40    0   10   0.0   8  31    19:15 OSO1012.4   43
5    31.6  41.1    16:48  24.2     6:00    0   10   0.0   6  29    16:51 OSO1012.1   41
6    32.4  41.1    16:10  24.8     6:05    0   10   0.0   6  29    17:32   O1011.2   37
7    31.7  39.4    15:29  24.9     6:15    0   10   0.0   6  31    12:52 OSO1008.7   40
8    28.0  35.2    15:11  21.6     6:54    0    6   0.0   7  42    15:16 SSO1009.9   46
9    26.4  33.8    15:30  20.7     3:47    0    5   0.0   5  29    15:49   S1013.9   50
10   28.6  38.3    14:58  20.0     5:37    0    7   0.0   3  23    15:16 OSO1015.5   42
11   29.8  38.1    15:59  22.8     6:09    0    8   0.0   4  24    19:11 OSO1015.5   45
12   29.0  37.3    15:33  23.7    23:58    0    7   0.0   6  35    16:11  SO1013.3   58
13   26.9  35.9    16:03  21.1    23:50    0    5   0.0   7  45    16:34  SO1012.5   62
14   25.3  34.1    15:14  19.3     5:48    0    4   0.0   7  34    15:11  SO1014.2   64
15   23.0  31.2    15:13  18.0     3:56    0    2   0.0   7  34    14:05 SSO1014.7   72
16   23.5  30.4    15:55  19.5     0:00    0    2   0.0   6  32    15:46  SO1014.9   69
17   20.3  20.6     1:54  20.1     0:00    0    0   0.0   6  16     1:08  SO1014.9   76
---------------------------------------------------------------------------------------
TOT  29.2  44.2   2/8/18  18.0  15/8/18    0  119   0.0   6  45  13/8/18  SO1012.7   48

HEAT BASE: 18.0
COOL BASE: 22.0