MONTHLY CLIMATOLOGICAL SUMMARY FOR 6/2018
                                        HEAT  COOL        
     MEAN                               DEG   DEG       WIND SPEED       DOM MEAN  MEAN
DAY  TEMP  HIGH   TIME     LOW   TIME   DAYS  DAYS RAIN AVG  HI  TIME    DIR BAROM HUM
---------------------------------------------------------------------------------------
1    20.8  26.8    16:16  16.0     5:09    0    1   0.0   6  31    18:25 OSO1016.3   55
2    18.8  23.6    13:49  13.6     5:51    1    0   0.8   7  32    14:35 SSO1015.4   64
3    19.5  26.0    14:01  14.1     5:47    1    1   0.0   7  37    14:48  SO1015.7   71
4    18.8  23.4    16:13  14.7     5:22    1    0   0.0   6  34    17:50   O1015.8   64
5    18.2  21.6    16:42  14.3     5:49    1    0   0.0   8  29    16:53 ONO1014.4   64
6    18.6  23.3    15:47  14.6     6:04    1    0   0.0   8  37    16:28 OSO1015.2   69
7    19.2  25.2    14:50  14.7     4:28    1    1   0.0   7  39    14:35  SO1017.0   72
8    17.0  20.9    17:34  15.3    23:53    1    0   3.6  10  34    10:13 SSO1014.0   85
9    18.1  23.9    14:51  13.8     5:47    2    0   0.0   8  31    13:49 OSO1013.4   72
10   19.3  24.8    13:48  14.1     3:59    1    0   0.0   5  34    16:04 OSO1013.3   69
11   19.9  23.7    17:38  16.3     4:35    0    0   0.0   5  26    12:50 ONO1014.3   62
12   21.2  27.9    14:02  16.4     3:27    0    1   0.0   6  39    14:52 SSO1015.6   63
13   23.0  31.2    15:38  16.2     4:28    0    3   0.0   5  35    17:36  SO1015.3   63
14   23.8  31.8    14:04  16.3     5:08    0    3   0.0   5  29    15:30 OSO1013.0   60
15   26.7  35.0    15:10  18.7     5:15    0    5   0.0   5  32    16:04   S1011.8   48
16   26.6  34.6    15:30  19.9     3:37    0    5   0.0   6  27    16:40 OSO1011.5   53
17   28.4  38.2    17:45  20.2     3:28    0    7   0.0   5  27    22:56 OSO1014.7   44
18   28.2  39.5    15:21  22.4     5:05    0    6   0.0   9  37    15:25   O1014.9   46
---------------------------------------------------------------------------------------
TOT  21.4  39.5  18/6/18  13.6   2/6/18   11   34   4.4   7  39   7/6/18 OSO1014.5   62

HEAT BASE: 18.0
COOL BASE: 22.0