MONTHLY CLIMATOLOGICAL SUMMARY FOR 10/2020
                                        HEAT  COOL        
     MEAN                               DEG   DEG       WIND SPEED       DOM MEAN  MEAN
DAY  TEMP  HIGH   TIME     LOW   TIME   DAYS  DAYS RAIN AVG  HI  TIME    DIR BAROM HUM
---------------------------------------------------------------------------------------
1    20.7  28.8    15:03  15.4     7:14    1    1   0.0   0   0     0:00   N1012.1   70
2    18.4  23.1    14:22  14.3    23:57    1    0   0.0   0   0     0:00   N1006.3   70
3    16.8  23.0    15:39  11.0     6:46    2    0   0.0   0   0     0:00   N1010.9   57
4    17.9  23.6    14:19  11.7     6:28    2    0   0.0   0   0     0:00   N1012.8   61
5    19.4  26.2    16:28  13.8     6:10    1    1   0.0   0   0     0:00   N1017.7   50
6    22.3  31.5    16:58  15.4     6:41    0    2   0.0   0   0     0:00   N1020.6   55
7    24.6  33.7    15:09  18.1     6:22    0    4   0.0   0   0     0:00   N1018.8   50
8    24.5  32.5    13:57  17.5     4:24    0    4   0.0   0   0     0:00   N1018.4   42
9    23.4  30.7    15:45  16.6     6:40    0    3   0.0   0   0     0:00   N1018.7   48
10   22.1  31.8    16:16  16.2     6:38    0    2   0.0   0   0     0:00   N1018.1   61
11   21.7  30.5    16:32  15.9     8:12    0    2   0.0   0   0     0:00   N1018.3   65
12   20.1  28.5    16:53  15.4     6:56    0    1   0.0   0   0     0:00   N1019.7   32
13   19.9  29.4    16:00  13.0     6:36    1    1   0.0   0   0     0:00   N1015.4   36
14   18.2  24.8    16:14  13.2     6:38    1    0   0.0   0   0     0:00   N1012.7   49
15   17.1  24.4    16:16  11.2     6:30    2    0   0.0   0   0     0:00   N1015.5   49
16   16.7  25.1    16:58   9.8     6:34    3    0   0.0   0   0     0:00   N1015.9   55
17   16.8  24.8    15:40   9.6     6:41    3    0   0.0   0   0     0:00   N1016.1   61
18   18.4  27.9    17:09  10.4     5:29    2    1   0.0   0   0     0:00   N1016.0   51
19   19.9  28.4    14:00  14.1     6:55    1    1   0.0   0   0     0:00   N1013.6   46
20   20.4  25.0    13:31  16.7    20:27    0    1  16.0   0   0     0:00   N1007.1   70
21   18.3  22.1    15:11  16.3     6:48    0    0   6.6   0   0     0:00   N1009.2   87
22   17.0  20.8    15:51  14.4    23:36    1    0   7.6   0   0     0:00   N1012.7   89
23   16.6  22.5    15:51  11.9     6:51    2    0   0.2   0   0     0:00   N1022.2   81
24   16.1  22.4    15:37  11.9     7:33    3    0   0.2   0   0     0:00   N1024.7   82
25   15.7  21.0    13:46  11.3     7:28    3    0   3.2   0   0     0:00   N1019.5   84
26   15.3  19.4    15:20  12.1     7:24    3    0   0.0   0   0     0:00   N1019.9   66
27   14.4  21.7    15:31   9.3     6:21    4    0   0.0   0   0     0:00   N1020.9   63
28   16.7  24.5    16:30  11.0     6:45    3    0   0.0   0   0     0:00   N1021.3   69
29   17.4  27.2    13:51  13.8     7:10    1    0   0.0   0   0     0:00   N1022.4   76
---------------------------------------------------------------------------------------
TOT  18.9  33.7  7/10/20   9.3 27/10/20   42   25  33.8   0   0  1/10/20   N1016.4   61

HEAT BASE: 18.0
COOL BASE: 22.0