MONTHLY CLIMATOLOGICAL SUMMARY FOR 9/2022
                                        HEAT  COOL        
     MEAN                               DEG   DEG       WIND SPEED       DOM MEAN  MEAN
DAY  TEMP  HIGH   TIME     LOW   TIME   DAYS  DAYS RAIN AVG  HI  TIME    DIR BAROM HUM
---------------------------------------------------------------------------------------
1    24.4  32.8    14:53  18.9     6:02    0    3   0.0   0   0     0:00   N1013.1   57
2    25.4  32.6    14:45  20.7     7:00    0    4   0.0   0   0     0:00   N1012.4   52
3    23.7  31.0    16:15  19.1    23:45    0    2   0.0   0   0     0:00   N1012.5   58
4    23.1  31.7    16:15  17.4     6:00    0    3   0.0   0   0     0:00   N1015.4   59
5    23.8  32.5    16:22  17.6     4:01    0    3   0.0   0   0     0:00   N1017.8   61
6    25.1  33.6    17:20  18.4     6:12    0    4   0.0   0   0     0:00   N1016.6   59
7    26.5  34.3    15:43  21.1     6:06    0    5   0.0   0   0     0:00   N1014.4   40
8    27.4  35.7    16:07  21.0     6:07    0    6   0.0   0   0     0:00   N1014.3   47
9    28.8  37.3    16:26  23.0     2:04    0    7   0.0   0   0     0:00   N1014.6   53
10   27.8  36.0    15:25  21.7     5:58    0    6   0.0   0   0     0:00   N1013.8   55
11   28.3  38.3    15:36  20.7     5:14    0    6   0.0   0   0     0:00   N1010.5   50
12   23.4  27.4    15:03  21.7    20:47    0    1   3.6   0   0     0:00   N1007.8   79
13   22.7  26.3    15:43  20.9     2:33    0    1   3.4   0   0     0:00   N1008.2   82
14   22.5  27.1    13:52  19.6     5:47    0    1   0.0   0   0     0:00   N1011.0   76
15   23.0  27.8    16:54  19.8    23:55    0    2   0.0   0   0     0:00   N1012.9   73
16   24.4  32.6    15:30  18.5     5:28    0    3   0.0   0   0     0:00   N1011.3   66
17   25.4  34.3    15:13  19.1     6:14    0    4   0.0   0   0     0:00   N1008.3   63
18   27.2  35.8    16:10  21.0     6:30    0    5   0.0   0   0     0:00   N1008.2   56
19   26.4  33.6    14:44  22.3     6:23    0    4   0.0   0   0     0:00   N1011.9   64
20   26.8  35.3    15:46  22.1     3:25    0    5   0.0   0   0     0:00   N1013.6   63
21   25.0  30.3    16:03  21.0    23:23    0    3   0.0   0   0     0:00   N1014.2   66
22   24.4  32.2    15:39  18.6     6:02    0    3   0.0   0   0     0:00   N1014.9   69
23   25.5  33.7    15:56  19.9     4:01    0    4   0.0   0   0     0:00   N1014.0   63
24   24.3  30.9    15:00  18.7     6:13    0    3   0.0   0   0     0:00   N1010.9   52
25   21.4  21.6     0:00  21.0     0:58    0    0   0.0   0   0     0:00   N1010.1   49
---------------------------------------------------------------------------------------
TOT  25.2  38.3  11/9/22  17.4   4/9/22    0   89   7.0   0   0   1/9/22   N1012.6   61

HEAT BASE: 18.0
COOL BASE: 22.0