MONTHLY CLIMATOLOGICAL SUMMARY FOR 2/2020
                                        HEAT  COOL        
     MEAN                               DEG   DEG       WIND SPEED       DOM MEAN  MEAN
DAY  TEMP  HIGH   TIME     LOW   TIME   DAYS  DAYS RAIN AVG  HI  TIME    DIR BAROM HUM
---------------------------------------------------------------------------------------
1    16.0  22.4    15:38  12.4     6:53    3    0   0.0   1  14    11:56  NE1026.0   84
2    16.3  22.3    17:03  12.0     6:25    3    0   0.0   8  31     9:55 NNE1027.0   78
3    17.3  25.0    16:05  11.9     8:04    2    0   0.0   5  27     2:23 NNE1027.3   71
4    17.2  26.4    16:43  11.7     8:14    2    1   0.0   4  19     4:43 NNE1026.1   70
5    15.5  23.3    16:15  11.2     7:28    3    0   0.0   5  24     8:08 NNE1021.9   67
6    14.0  21.6    16:04   9.5     7:10    4    0   0.0   3  18     8:44 NNE1020.3   73
7    13.6  18.3    15:58  10.3     6:47    4    0   0.0   2  16     2:49 NNE1022.5   79
8    13.8  17.8    16:11  11.1     5:39    4    0   0.2   2  14    20:04   O1025.4   89
9    15.2  19.6    15:46  12.8     7:27    3    0   0.2   2  14     9:17 NNE1028.8   83
10   15.8  22.6    17:45  11.1     7:09    3    0   0.0   3  21     9:52  NE1030.4   71
11   15.5  21.4    16:11  11.4     7:18    3    0   0.0   3  16    19:43 OSO1025.8   78
12   13.8  16.7    15:20  11.2     6:51    4    0   0.2   2   8     0:48  SO1023.0   87
13   14.9  20.7    15:51  11.9     4:43    3    0   0.0   2  10     9:07   N1023.8   77
14   15.1  22.7    16:12  10.1     5:26    4    0   0.0   3  19    11:11   N1023.4   71
15   15.5  23.2    16:11  10.3     7:11    3    0   0.0   3  18    10:56 NNE1024.4   72
16   14.9  22.5    15:27   9.5     7:27    4    0   0.0   3  18    22:33 NNE1026.2   79
17   15.7  22.7    15:37  10.3     5:51    3    0   0.0   2  14    15:05 NNO1027.1   76
18   16.2  21.6    13:33  13.2     7:31    2    0   0.0   4  19    16:01 NNE1026.5   72
19   15.6  21.3    16:50  10.8     7:01    3    0   0.0   3  23    13:14 NNE1026.4   72
20   14.9  21.1    16:40   9.7     7:07    4    0   0.0   5  24    11:06 NNE1021.7   68
21   14.5  22.8    16:26  10.0     5:07    3    0   0.0   5  24    11:10 NNE1024.3   70
---------------------------------------------------------------------------------------
TOT  15.3  26.4   4/2/20   9.5   6/2/20   68    1   0.6   3  31   2/2/20 NNE1025.2   76

HEAT BASE: 18.0
COOL BASE: 22.0