MONTHLY CLIMATOLOGICAL SUMMARY FOR 2/2019
                                        HEAT  COOL        
     MEAN                               DEG   DEG       WIND SPEED       DOM MEAN  MEAN
DAY  TEMP  HIGH   TIME     LOW   TIME   DAYS  DAYS RAIN AVG  HI  TIME    DIR BAROM HUM
---------------------------------------------------------------------------------------
1    12.1  14.6    15:22   7.9    23:20    6    0  26.0  16  60    13:25   O1002.8   80
2     9.7  14.0    14:47   6.3     3:14    8    0   0.0   9  40     9:52  NO1015.3   62
3     8.9  14.7    16:01   4.4     7:18    9    0   0.0   3  24     0:11   N1025.8   58
4     9.1  16.3    17:13   3.1     7:27    9    0   0.0   5  31    12:31 NNE1027.9   58
5    11.8  20.7    16:55   5.7     7:41    6    0   0.0   4  27    11:22 NNE1026.7   56
6    13.0  21.2    15:06   7.4     6:21    5    0   0.0   5  26     7:51  NE1024.3   63
7    13.0  21.2    16:13   7.2     7:28    5    0   0.0   2  16    17:01  NE1022.6   69
8    12.1  19.3    16:20   6.9     7:51    6    0   0.0   3  18     4:17 NNE1022.2   70
9    11.2  17.7    15:11   6.6     7:18    7    0   0.0   2  16    21:53 SSO1022.8   80
10   11.5  18.6    15:09   7.2     4:13    7    0   0.0   2  14    17:22 OSO1025.4   81
11   14.5  20.4    17:24  10.9     7:21    4    0   0.0   1  13    14:40 ENE1025.8   77
12   13.4  21.1    16:16   8.2     7:53    5    0   0.0   4  23    16:57 NNE1027.0   71
13   13.1  21.0    15:35   8.2     7:33    5    0   0.0   4  21     9:41 NNE1026.7   69
14   13.0  22.1    16:39   7.8     7:03    6    0   0.0   4  19     9:53 NNE1026.2   68
15   12.9  20.1    15:18   7.7     7:48    5    0   0.0   8  31    14:50 NNE1023.0   71
16   13.4  20.5    14:51   9.8     6:00    5    0   0.0   4  26    14:56 NNE1020.8   66
17   12.9  21.1    16:21   7.6     6:11    5    0   0.0   4  19     8:33 NNE1019.8   69
18   12.7  17.9    17:03   8.9     6:13    5    0   0.0   3  21    12:05 NNE1015.6   72
19   14.4  19.0    16:08  11.1     6:59    4    0   0.0   1  16     0:10   S1018.5   72
20   13.8  21.0    16:17   8.5     7:56    5    0   0.0   2  16    10:33 NNE1021.0   70
21   10.5  11.7     0:00   9.6     1:41    1    0   0.0   3  13     1:46 ENE1023.0   77
---------------------------------------------------------------------------------------
TOT  12.3  22.1  14/2/19   3.1   4/2/19  118    0  26.0   4  60   1/2/19 NNE1022.0   69

HEAT BASE: 18.0
COOL BASE: 22.0