MONTHLY CLIMATOLOGICAL SUMMARY FOR 6/2019
                                        HEAT  COOL        
     MEAN                               DEG   DEG       WIND SPEED       DOM MEAN  MEAN
DAY  TEMP  HIGH   TIME     LOW   TIME   DAYS  DAYS RAIN AVG  HI  TIME    DIR BAROM HUM
---------------------------------------------------------------------------------------
1    26.9  36.5    16:39  18.8     5:14    0    5   0.0  10  35    11:52 ENE1015.4   33
2    27.1  37.8    14:58  18.8     5:33    0    6   0.0   7  34    21:10 OSO1014.8   33
3    26.5  35.4    15:20  19.6     5:47    0    5   0.0   6  39    16:17   O1013.7   38
4    23.4  29.9    14:14  17.6     5:19    0    3   0.0   8  39    14:46  SO1010.8   57
5    20.5  26.3    16:21  14.3     5:42    1    1   0.0   7  39    12:44 ONO1013.7   44
6    20.1  26.0    15:21  15.3     5:30    0    1   0.0   8  32    11:34  SO1012.2   44
7    21.7  28.9    15:36  15.8     5:14    0    2   0.0   6  26    10:19   N1015.0   42
8    23.9  31.2    14:27  17.3     4:51    0    3   0.0   8  29    12:50 NNE1015.4   34
9    22.5  29.4    15:18  16.9     5:33    0    2   0.0   8  42    15:42  SO1015.9   49
10   21.5  28.7    13:43  17.0    23:58    0    1   0.0   8  48    14:50  NO1014.8   50
11   21.4  28.4    14:08  15.4     4:02    1    2   0.0   6  47    15:09   S1010.2   54
12   22.1  31.4    16:41  15.9     5:32    0    2   0.0   5  29    18:44  SO1009.1   62
13   22.2  29.1    14:58  16.2     4:54    0    2   0.0   6  35    18:15  SO1008.6   52
14   19.0  24.3    14:40  14.2     5:41    1    0   0.0   8  47    12:10  SO1014.4   55
15   21.7  30.6    16:29  15.1     5:47    1    2   0.0   5  40    10:40 OSO1017.0   47
16   22.0  29.6    15:14  16.2     5:21    0    2   0.0   5  34    14:00  SO1015.5   55
17   22.0  29.9    15:32  15.3     5:37    1    2   0.0   5  32    13:02  SO1014.9   54
18   14.9  15.8     0:00  14.5     2:06    1    0   0.0   3  11     0:13 OSO1014.2   86
---------------------------------------------------------------------------------------
TOT  22.5  37.8   2/6/19  14.2  14/6/19    6   41   0.0   7  48  10/6/19  SO1013.6   48

HEAT BASE: 18.0
COOL BASE: 22.0