MONTHLY CLIMATOLOGICAL SUMMARY FOR 12/2018
                                        HEAT  COOL        
     MEAN                               DEG   DEG       WIND SPEED       DOM MEAN  MEAN
DAY  TEMP  HIGH   TIME     LOW   TIME   DAYS  DAYS RAIN AVG  HI  TIME    DIR BAROM HUM
---------------------------------------------------------------------------------------
1    12.0  17.9    15:44   8.1     6:09    6    0   0.0   3  19     9:29 NNE1023.8   73
2    12.4  18.0    15:07   8.4     8:08    6    0   0.0   2  23    11:16 NNE1023.9   78
3    13.5  20.2    15:09   9.3     7:54    5    0   0.0   4  26     6:22 NNE1021.9   76
4    15.3  23.6    15:52  11.1     6:04    3    0   0.0   4  24     1:51 NNE1021.3   74
5    15.7  24.6    16:30  10.7     4:50    3    0   0.0   4  26     9:26 NNE1023.5   74
6    15.8  23.4    15:29  11.0     6:46    3    0   0.0   4  23     9:10 NNE1025.6   71
7    15.0  22.8    15:14  10.6     7:39    4    0   0.0   1  18    10:00  NE1026.7   74
8    13.4  19.5    15:01   9.7     8:04    5    0   0.0   4  21    21:36 NNE1027.5   76
9    14.2  21.0    16:09   9.4     5:41    4    0   0.0   5  26     9:12 NNE1027.4   69
10   15.9  22.2    15:34  11.6     6:31    3    0   0.0   6  31    10:36 NNE1024.4   59
11   13.4  15.8    14:10  10.1     6:04    5    0   0.0   1  11     2:09 ONO1022.8   77
12   14.2  18.4    13:05  11.7    23:15    4    0   0.0   2  13    15:29   O1021.3   83
13   12.6  15.2    14:01   8.6    23:56    5    0   7.6  12  50     6:45 ONO1016.7   74
14   11.4  16.2    14:45   7.7     5:09    7    0   0.0   5  24     1:12  NO1024.3   70
15   10.9  17.4    15:33   6.4     7:58    7    0   0.0   2  14    11:24  NO1027.4   78
16    9.6  11.7    11:00   7.5     6:34    8    0   0.2   1  14    13:36 NNE1025.5   91
17   10.3  14.4    15:35   7.8     9:48    8    0   0.0   6  24    12:22 NNE1027.2   87
18    9.6  16.4    14:19   6.4     7:40    6    0   0.0   4  23     6:07 NNE1023.8   84
---------------------------------------------------------------------------------------
TOT  13.1  24.6  5/12/18   6.4 15/12/18   90    0   7.8   4  50 13/12/18 NNE1024.2   76

HEAT BASE: 18.0
COOL BASE: 22.0