MONTHLY CLIMATOLOGICAL SUMMARY FOR 4/2021
                                        HEAT  COOL        
     MEAN                               DEG   DEG       WIND SPEED       DOM MEAN  MEAN
DAY  TEMP  HIGH   TIME     LOW   TIME   DAYS  DAYS RAIN AVG  HI  TIME    DIR BAROM HUM
---------------------------------------------------------------------------------------
1    18.3  22.3    14:14  15.1    23:59    1    0   0.2   0   0     0:00   N1013.3   68
2    16.9  22.4    15:18  13.2     5:20    2    0   0.0   0   0     0:00   N1016.0   72
3    16.7  23.9    14:50  11.7     5:26    3    0   0.4   0   0     0:00   N1012.5   71
4    17.7  26.7    15:38  12.3     4:04    2    1   0.0   0   0     0:00   N1012.9   73
5    18.9  26.8    15:42  13.6     6:07    1    1   0.0   0   0     0:00   N1015.1   71
6    20.3  28.9    16:39  13.3     6:28    1    1   0.0   0   0     0:00   N1011.4   60
7    18.9  25.4    14:30  13.5     5:59    1    1   0.0   0   0     0:00   N1012.4   67
8    18.1  23.4    14:02  14.4     6:19    1    0   0.0   0   0     0:00   N1016.6   66
9    18.0  23.8    14:31  13.5     6:32    2    0   0.0   0   0     0:00   N1014.4   65
10   17.3  22.7    13:40  14.2     3:22    2    0   0.0   0   0     0:00   N1012.1   74
11   17.3  22.2    15:04  14.1     6:10    2    0   3.8   0   0     0:00   N1014.2   78
12   18.2  27.9    16:57  13.2     6:20    2    1   0.0   0   0     0:00   N1018.6   74
13   19.4  28.0    16:41  12.8     6:31    1    1   0.0   0   0     0:00   N1017.5   67
14   18.1  22.6    12:47  14.7     5:59    1    0   0.0   0   0     0:00   N1013.0   69
15   16.9  23.1    13:41  14.3     5:57    2    0   6.4   0   0     0:00   N1011.8   78
16   17.1  24.2    14:43  13.1     6:12    2    0   0.0   0   0     0:00   N1014.0   79
17   18.3  25.4    16:07  13.9     4:44    1    0   0.0   0   0     0:00   N1015.7   73
18   18.9  28.3    17:45  11.4     6:09    2    1   0.0   0   0     0:00   N1017.8   51
19   18.5  24.8    14:04  13.6     5:52    1    0   0.0   0   0     0:00   N1016.3   61
20   18.0  24.1    16:19  13.2     5:40    2    0   0.0   0   0     0:00   N1013.1   61
21   15.7  16.1     0:00  15.1     1:52    0    0   0.0   0   0     0:00   N1012.1   67
---------------------------------------------------------------------------------------
TOT  18.1  28.9   6/4/21  11.4  18/4/21   32    8  10.8   0   0   1/4/21   N1014.4   69

HEAT BASE: 18.0
COOL BASE: 22.0