MONTHLY CLIMATOLOGICAL SUMMARY FOR 11/2017
                                        HEAT  COOL        
     MEAN                               DEG   DEG       WIND SPEED       DOM MEAN  MEAN
DAY  TEMP  HIGH   TIME     LOW   TIME   DAYS  DAYS RAIN AVG  HI  TIME    DIR BAROM HUM
---------------------------------------------------------------------------------------
1    19.1  26.6    14:32  13.6     7:20    1    1   0.0   2  34    19:34  SO1017.0   68
2    18.5  22.4    12:44  15.3     2:58    1    0   0.0   4  51    13:12  SO1015.7   75
3    17.0  19.1    16:10  15.2    23:41    1    0  10.6   5  48    22:42   S1012.6   90
4    16.4  20.6    13:52  14.1     6:19    2    0   8.2  10  61    10:34   O1013.4   86
5    16.4  22.7    15:26  12.2     7:14    2    0   0.0   1  37     1:31   O1020.1   76
6    15.6  20.2    16:16  12.2     6:54    3    0   0.0   6  84    11:39 ENE1019.7   57
7    14.6  22.5    15:41   9.4     6:49    4    0   0.0   3  45     9:09 NNE1018.7   57
8    15.3  23.4    15:37   9.6     7:14    4    0   0.0   2  50    21:23 NNE1019.8   60
9    13.9  18.5    15:02  10.9     7:31    4    0   0.0   9  56     9:16 NNE1022.7   46
10   13.6  20.3    15:10   8.1     7:09    5    0   0.0   3  24    13:13 NNE1026.9   50
11   15.3  22.9    16:38   9.5     3:47    4    0   0.0   2  18     9:01 NNE1025.3   57
12   15.3  23.3    14:13   9.3     7:40    4    0   0.0   2  35    18:39   S1020.6   63
13   15.2  22.9    15:58   9.7     7:27    3    0   0.0   1  18    12:17  NE1017.1   61
14   13.2  19.8    15:08   8.6     7:37    5    0   0.0   5  29     9:28  NE1017.4   46
15   13.1  21.3    16:29   7.2     5:11   10    0   0.0   4  21     8:21 NNE1018.1   58
16   13.9  22.0    16:24   8.7     7:50    5    0   0.0   2  21     6:18 NNE1018.4   62
17   14.0  22.2    16:30   8.6     6:56    5    0   0.0   2  23     8:28 NNE1018.4   58
18   14.1  22.9    15:27   8.4     5:59    5    0   0.0   2  26     7:46 NNE1017.7   58
19   14.2  21.7    15:16   8.4     7:32    4    0   0.0   3  26     6:19 NNE1018.8   58
20   15.2  23.3    15:45   9.7     6:53    4    0   0.0   4  31     7:58 NNE1020.5   53
21   14.9  25.6    15:43   8.8     7:44    4    0   0.0   4  26     4:52 NNE1019.4   48
22   14.0  23.0    14:59   8.6     7:25    4    0   0.0   3  24     7:54 NNE1015.7   49
---------------------------------------------------------------------------------------
TOT  15.1  26.6  1/11/17   7.2 15/11/17   81    1  18.8   4  84  6/11/17 NNE1018.8   61

HEAT BASE: 18.0
COOL BASE: 22.0