MONTHLY CLIMATOLOGICAL SUMMARY FOR 10/2021
                                        HEAT  COOL        
     MEAN                               DEG   DEG       WIND SPEED       DOM MEAN  MEAN
DAY  TEMP  HIGH   TIME     LOW   TIME   DAYS  DAYS RAIN AVG  HI  TIME    DIR BAROM HUM
---------------------------------------------------------------------------------------
1    23.4  31.9    16:29  17.6     5:58    0    3   0.0   0   0     0:00   N1017.8   63
2    22.7  30.3    14:50  18.1     6:29    0    2   0.0   0   0     0:00   N1014.2   66
3    19.0  23.1    16:39  15.8     6:56    0    0   2.4   0   0     0:00   N1013.5   74
4    19.3  27.4    16:18  14.1     3:58    1    1   0.0   0   0     0:00   N1019.1   50
5    21.1  28.4    14:44  15.1     6:19    1    2   0.0   0   0     0:00   N1019.8   55
6    24.2  33.0    15:32  18.2     6:25    0    3   0.0   0   0     0:00   N1018.0   58
7    24.0  33.4    17:05  17.7     6:24    0    3   0.0   0   0     0:00   N1016.1   52
8    23.0  32.6    15:36  16.9     7:06    0    3   0.0   0   0     0:00   N1015.1   60
9    22.2  30.9    16:46  16.0     5:44    0    2   0.0   0   0     0:00   N1015.4   70
10   23.6  31.7    15:51  17.2     6:56    0    3   0.0   0   0     0:00   N1014.6   56
11   23.4  32.6    15:52  17.2     6:53    0    3   0.0   0   0     0:00   N1013.7   53
12   22.6  30.4    15:22  17.7     6:42    0    2   0.0   0   0     0:00   N1013.8   61
13   22.4  31.1    16:48  16.4     7:19    0    2   0.0   0   0     0:00   N1014.7   66
14   22.3  31.0    16:11  16.2     5:31    0    2   0.0   0   0     0:00   N1017.5   63
15   21.9  30.7    16:00  15.4     6:57    0    2   0.0   0   0     0:00   N1017.1   52
16   21.4  28.6    14:39  15.7     7:07    0    1   0.0   0   0     0:00   N1015.4   59
17   23.3  30.2    14:57  17.6     5:02    0    2   0.0   0   0     0:00   N1016.3   52
18   24.7  32.5    16:21  19.6     6:49    0    3   0.0   0   0     0:00   N1018.5   60
19   23.9  32.2    15:38  17.8     5:37    0    3   0.0   0   0     0:00   N1019.7   54
20   22.8  30.4    16:16  17.4     6:56    0    2   0.0   0   0     0:00   N1019.0   53
21   21.3  27.8    15:58  17.6     3:13    0    1   0.0   0   0     0:00   N1017.3   61
---------------------------------------------------------------------------------------
TOT  22.5  33.4  7/10/21  14.1  4/10/21    4   46   2.4   0   0  1/10/21   N1016.5   59

HEAT BASE: 18.0
COOL BASE: 22.0