MONTHLY CLIMATOLOGICAL SUMMARY FOR 2/2018
                                        HEAT  COOL        
     MEAN                               DEG   DEG       WIND SPEED       DOM MEAN  MEAN
DAY  TEMP  HIGH   TIME     LOW   TIME   DAYS  DAYS RAIN AVG  HI  TIME    DIR BAROM HUM
---------------------------------------------------------------------------------------
1    11.5  15.7    16:49   7.4     8:20    6    0   0.0  10  34    14:14 ONO1013.1   73
2     9.3  13.5    15:30   5.7     7:40    9    0   0.0   6  27     1:22 NNO1014.1   50
3     8.8  14.3    16:06   3.7     7:48    9    0   0.0   4  26    14:51   N1019.9   54
4     8.1  10.6    14:54   6.0    23:13   10    0   0.8   5  34    17:37 OSO1010.5   76
5     7.3  11.9    14:15   3.3     6:32   11    0   0.0   3  26    17:18  NO1007.0   69
6     8.5  13.6    15:58   5.0     6:53    9    0   0.0   6  24    15:29 NNO1010.1   56
7     7.4  12.8    16:10   2.9     5:44   10    0   0.0   8  37    10:49 NNE1013.9   52
8     7.6  14.3    15:44   2.9     7:18   10    0   0.0   8  29    11:30   N1018.2   48
9     7.7  12.4    14:53   1.7     7:38   10    0   0.0   3  18    14:50 SSO1021.7   59
10    9.8  15.9    14:39   4.4     7:31    8    0   0.0   2  21    18:19 NNO1022.2   69
11   10.8  17.9    15:53   4.9     6:19    7    0   0.0   5  26    17:29  SO1023.5   65
12   13.0  17.3    16:05   9.8    23:59    5    0   0.0  12  39    12:50   O1021.2   67
13    9.9  15.7    16:36   4.7     5:53    8    0   0.0   4  21    14:54   O1023.0   58
14   10.3  15.7    16:56   4.4     8:00    7    0   0.0   5  19    14:01 OSO1023.5   72
15   13.2  21.4    17:15   6.1     7:30    5    0   0.0   4  29    12:30  NE1024.3   69
16   14.5  22.6    15:30   9.1     6:15    4    0   0.0   4  23    21:00  NE1022.2   69
17   11.0  17.3    16:15   7.7     5:30    7    0   0.2   3  18    12:45  SO1022.0   85
18   12.5  20.2    16:54   6.6     6:30    6    0   0.0   2  18     8:15 NNE1019.2   79
19   13.4  20.8    17:19   8.5     6:31    5    0   0.0   2  21    15:02 NNE1016.7   51
20   14.8  23.3    17:23   8.8     7:22    4    0   0.0   4  24    14:03  NE1015.3   53
---------------------------------------------------------------------------------------
TOT  10.4  23.3  20/2/18   1.7   9/2/18  151    0   1.0   5  39  12/2/18   N1018.1   64

HEAT BASE: 18.0
COOL BASE: 22.0