MONTHLY CLIMATOLOGICAL SUMMARY FOR 4/2019
                                        HEAT  COOL        
     MEAN                               DEG   DEG       WIND SPEED       DOM MEAN  MEAN
DAY  TEMP  HIGH   TIME     LOW   TIME   DAYS  DAYS RAIN AVG  HI  TIME    DIR BAROM HUM
---------------------------------------------------------------------------------------
1    14.7  18.7    16:11  12.7    23:59    3    0   6.4   3  21    16:47   S1012.7   85
2    16.0  23.5    16:22  11.6     1:56    3    0   0.4   2  16    16:41   O1014.7   76
3    16.6  21.5    14:04  11.2     5:51    2    0   0.0   6  37    15:32   O1007.2   58
4    13.6  19.3    15:39   9.3     6:07    5    0   0.0   7  43    16:50  SO1003.9   47
5    11.0  15.6    15:22   7.7    23:18    7    0   9.2   7  47    17:13  SO1003.7   76
6    10.9  15.4    12:17   7.4     0:44    7    0   2.8   7  35    10:39 OSO1009.1   79
7    12.9  15.4    13:35   9.6     5:15    5    0   4.8   7  39     3:09   O1014.2   85
8    14.1  17.0    12:56  11.5    23:52    4    0   7.2   7  32    13:38  SO1015.4   88
9    14.0  18.9    15:16   9.9     6:26    4    0   0.0   8  40    16:18   O1017.0   70
10   14.7  20.9    15:33   9.5     3:42    4    0   0.0   5  34    13:43  NO1016.8   60
11   15.8  22.7    17:50   9.5     6:27    3    0   0.0   3  23    17:07  NO1017.2   60
12   16.9  24.6    16:32  10.4     6:13    3    0   0.0   5  24    17:30   O1016.8   54
13   17.8  25.6    15:27  10.8     6:14    2    1   0.0   5  27    16:23 OSO1018.0   51
14   19.7  28.3    15:50  12.1     5:49    2    1   0.0   2  19    14:08   S1015.8   60
15   19.0  24.9    14:17  14.3    23:52    1    0   0.0   6  37    15:47  SO1013.1   66
16   18.4  27.8    16:16  11.2     6:06    2    1   0.0   5  29    16:46 OSO1014.4   61
17   16.5  22.4    12:56  13.4     4:24    2    0   0.0   5  58    13:39   S1010.2   65
18   13.9  18.9    13:03  11.9     6:38    4    0  10.2   2  31    14:09   S1012.2   79
19   14.3  20.5    13:54  10.2     6:25    4    0  10.4   3  39    15:51 NNE1013.4   79
20   15.2  20.4    15:41  10.9     3:43    3    0   0.2   6  35    17:10 NNE1011.3   72
21   17.1  22.2    13:46  13.3     6:39    2    0   0.0   5  29    12:46 ENE1007.4   58
22   17.2  24.2    14:46  12.7     6:06    2    0   0.0   8  37    15:59  SO1002.7   64
23   12.8  16.3    14:37  10.2     6:16    5    0   8.8   8  45    14:19 OSO1002.6   74
24   13.4  16.6    12:14   9.3     3:11    5    0  13.2  13  60    13:21 SSO1009.0   87
25   14.6  18.4    12:46  13.1     5:03    2    0   0.8   7  35     0:49 OSO1013.2   84
---------------------------------------------------------------------------------------
TOT  15.3  28.3  14/4/19   7.4   6/4/19   85    4  74.4   6  60  24/4/19  SO1011.6   69

HEAT BASE: 18.0
COOL BASE: 22.0