MONTHLY CLIMATOLOGICAL SUMMARY FOR 11/2021
                                        HEAT  COOL        
     MEAN                               DEG   DEG       WIND SPEED       DOM MEAN  MEAN
DAY  TEMP  HIGH   TIME     LOW   TIME   DAYS  DAYS RAIN AVG  HI  TIME    DIR BAROM HUM
---------------------------------------------------------------------------------------
1    21.1  23.9    13:36  19.4    23:59    0    0   0.0   0   0     0:00   N1015.0   87
2    17.4  20.1    14:15  15.0     7:40    1    0   0.0   0   0     0:00   N1014.1   72
3    15.2  18.3    15:29  12.3    23:26    3    0   0.0   0   0     0:00   N1011.7   67
4    13.2  17.8    16:00   9.2     7:06    5    0   0.0   0   0     0:00   N1014.8   63
5    13.4  18.9    15:13   9.1     6:58    5    0   0.0   0   0     0:00   N1020.2   55
6    12.8  17.5    16:14   9.2     7:35    5    0   0.0   0   0     0:00   N1022.6   51
7    12.9  20.2    17:01   7.4     7:01    5    0   0.0   0   0     0:00   N1021.1   47
8    14.0  22.1    15:34   8.1     6:56    5    0   0.0   0   0     0:00   N1017.6   53
9    14.6  23.2    14:44   8.3     6:53    4    0   0.0   0   0     0:00   N1014.9   61
10   14.1  21.7    15:03   8.8     7:10    4    0   0.0   0   0     0:00   N1016.6   68
11   13.9  21.9    15:48   8.3     7:15    4    0   0.0   0   0     0:00   N1017.1   73
12   14.0  21.0    16:08   9.0     7:01    4    0   0.0   0   0     0:00   N1015.4   67
13   16.0  23.4    15:32  10.3     7:29    3    0   0.0   0   0     0:00   N1016.0   58
14   16.5  25.6    15:52  11.2     6:43    3    0   0.0   0   0     0:00   N1015.8   61
15   15.6  22.7    16:00  10.7     6:40    3    0   0.0   0   0     0:00   N1016.4   57
16   13.6  19.9    14:11   8.2     7:21    5    0   0.0   0   0     0:00   N1015.8   57
17   13.6  19.6    14:43   8.7     6:59    5    0   0.0   0   0     0:00   N1016.6   58
18   14.4  19.9    15:02   8.7     6:17    4    0   0.0   0   0     0:00   N1018.2   63
19   16.2  22.3    14:07  11.6     3:55    3    0   0.0   0   0     0:00   N1016.8   61
20   14.4  17.8    13:57  13.2    23:49    4    0  12.4   0   0     0:00   N1017.1   82
21   14.6  19.2    15:23  11.6     7:05    3    0   0.4   0   0     0:00   N1014.2   87
22   13.5  16.8    14:43   9.5    23:51    5    0   0.2   0   0     0:00   N1010.4   79
23    9.4  14.1    14:57   5.6     7:27    9    0   0.0   0   0     0:00   N1011.9   73
24    9.2  14.8    15:57   3.9     7:43    9    0   0.0   0   0     0:00   N1014.7   77
25    9.3  15.2    15:01   4.8     7:22    9    0   3.8   0   0     0:00   N1010.3   83
26   10.3  15.8    16:00   6.6     7:44    8    0   0.0   0   0     0:00   N1011.1   79
27   10.5  15.6    14:12   5.7     6:32    7    0   0.0   0   0     0:00   N1011.8   68
---------------------------------------------------------------------------------------
TOT  13.8  25.6 14/11/21   3.9 24/11/21  123    1  16.8   0   0  1/11/21   N1015.5   67

HEAT BASE: 18.0
COOL BASE: 22.0